is divided by q.
7
Let d = 16 + -17. What is the remainder when d/1*3 - -72 is divided by 10?
9
Let g(b) = b**3 - 4*b**2 - 12*b + 7. Let i be g(6). Let l = i - -36. What is the remainder when l is divided by 12?
7
Suppose -g = -l + 4, 3*l - 5*l + 4*g = 0. Calculate the remainder when 125 is divided by l.
5
Suppose 0 = -4*h + 6 + 34. Let u = 142 - 83. What is the remainder when u is divided by h?
9
What is the remainder when 177 is divided by (2/(-8))/(3/24) - -14?
9
Let d = -26 + 24. Calculate the remainder when (d + (-1448)/16)*(-8)/10 is divided by 11.
8
Suppose 21*n - 544 = 86. What is the remainder when 31 is divided by n?
1
Let o(r) = 2*r**2 - 42*r + 189. What is the remainder when 36 is divided by o(5)?
7
Let h be (-5)/(-20)*4*116. Suppose 10*o - h = 6*o. Calculate the remainder when 67 is divided by o.
9
Let y(x) = x**3 - 7*x**2 + x + 2. Let q = -1 + 8. Calculate the remainder when 35 is divided by y(q).
8
Suppose 9*y = 38 + 16. What is the remainder when ((-153)/(-6))/(y/12) is divided by 13?
12
Let u(h) = -23*h - 5. Let g be u(1). Calculate the remainder when (-7)/(g/492) - (1 + -2) is divided by 25.
24
Let h(f) = f**2 + 3*f - 1. What is the remainder when h(6) is divided by 33?
20
Let t(u) = u**2 - 4*u - 6. Calculate the remainder when 41 is divided by t(-4).
15
Let c(f) be the second derivative of 3*f**3 - 2*f**2 + 2*f - 1. Calculate the remainder when 194 is divided by c(1).
12
Let o = -38 + 65. Calculate the remainder when 59 is divided by o - (-7)/(21/12).
28
Let j = -159 + 100. Let s = j - -94. Calculate the remainder when 96 is divided by s.
26
Let b(q) = 16*q. Let d be (-31)/(604/(-120) - -5). Suppose 0 = -12*i + 2*i + d. Calculate the remainder when i is divided by b(2).
29
Let d(o) = -26*o + 2. Suppose -4*v - 3 = 1. What is the remainder when d(v) is divided by 10?
8
Calculate the remainder when (-6)/(-72)*-2 + (-1591)/(-6) is divided by 10.
5
What is the remainder when 85 is divided by 284/11 + 36/198 - 2?
13
Suppose -8*u = -38*u + 780. Calculate the remainder when 485 is divided by u.
17
Let f(i) = 17*i - 454. Calculate the remainder when f(38) is divided by 53.
33
Let m(c) = 2*c**2 + 2*c - 8. Let h be m(3). Let p = h - -12. What is the remainder when p is divided by 8?
4
Calculate the remainder when (-2)/4*14 - -216 is divided by 43.
37
Let r(i) = 2*i**2 + 27*i + 54. What is the remainder when 325 is divided by r(-13)?
38
Let w(o) = -22*o + 50. What is the remainder when w(-14) is divided by 117?
7
Let z(o) = 3*o**2 - 7*o - 37. Calculate the remainder when z(7) is divided by 43.
18
Suppose p - b - 6 = 0, -2*b - 30 = -5*p - 0*b. Let w(x) = 2*x**2 - 5. Suppose 18*o = 20*o - 46. What is the remainder when w(p) is divided by o?
21
Let a = -94 + 144. Let f = 72 - a. What is the remainder when 129 is divided by f?
19
Let t = 877 - 758. What is the remainder when t is divided by 38?
5
Suppose 2*k + 3*r = -22, -2*r - 3*r = 4*k + 44. Let m(b) = b**3 + 12*b**2 + 12*b + 25. What is the remainder when m(k) is divided by 11?
3
Let d(k) = k**3 + 8*k**2 - 2*k - 5. Let i(n) = n**3 + 4*n**2 + 2. Let a be i(-4). Suppose -2*v = a*v - 60. What is the remainder when d(-7) is divided by v?
13
Let w(c) = c**3 + 22*c**2 - 21*c + 80. Calculate the remainder when 158 is divided by w(-23).
22
Suppose 0 = 4*s + 4*a - 28 - 20, -5*a = 4*s - 46. Suppose -4*r - x + 33 = -9*r, -4*x = -r - 18. Let b = s - r. Calculate the remainder when b is divided by 11.
9
Let s = 492 + -484. Suppose -a = -2*i + 56, 4*i = 5*i - 2*a - 28. Let u = i + -13. What is the remainder when u is divided by s?
7
Let k = 583 + -573. Let b(l) = 44*l. Let r be b(2). Suppose 5*f - 4*z = -r + 270, -f - z = -40. What is the remainder when f is divided by k?
8
Let f = -8 - -1. Let v = f + 27. Calculate the remainder when 38 is divided by v.
18
Suppose s - 17 = -2*s - 2*w, 20 = 4*s + 4*w. What is the remainder when (-20)/80 - (-2)/(-8)*-77 is divided by s?
5
Let d = 130 - 89. Let g(i) = -i**3 - 148*i**2 - 572*i + 580. What is the remainder when d is divided by g(-144)?
1
Let j = 49 + -43. What is the remainder when 46 is divided by j?
4
Let b(v) = v**3 + v**2 - 4*v + 5. Suppose 0 = 4*h + 2 - 22. Suppose h = -4*p + 13. Calculate the remainder when 24 is divided by b(p).
6
Suppose 0 = 58*o - 63*o - 15, -2*l = o - 67. Calculate the remainder when 172 - -2 - (-1 - -2) is divided by l.
33
Let i(r) = 2*r**2 + 2*r - 3. Suppose 11 = -8*z - 13. What is the remainder when 15 is divided by i(z)?
6
Suppose 4*f - 9 = -u, 4*f + 0*f = u + 7. Calculate the remainder when 13 is divided by f.
1
Let t(d) be the first derivative of -2*d**2 + 12*d + 34. What is the remainder when 5 is divided by t(2)?
1
Let y(t) = t**3 - 10*t**2 - 12*t + 15. Let r be y(11). Suppose -5*s - 2*c + 90 = 0, 0*c = r*c - 20. What is the remainder when 47 is divided by s?
15
Suppose 13*c = 52*c - 5538. Calculate the remainder when c is divided by 21.
16
Calculate the remainder when (-1 - (-10 - -10))*-125 is divided by 28.
13
Let y be (16/(-14))/(6/(-21)). Suppose -y*a + 187 = 3*v, 0 = -2*a - 3*v + 36 + 65. Calculate the remainder when a is divided by 5.
3
Let b = 153 - -216. What is the remainder when b is divided by 10?
9
Let b(n) = 6*n + 3. Let j(i) = -i + 1. Let z(o) = b(o) + 4*j(o). What is the remainder when z(9) is divided by 13?
12
Let v = -354 + 382. Let f = -47 - -112. Suppose -f = -4*k - 25. Calculate the remainder when v is divided by k.
8
Let n(d) = 7*d + 123. What is the remainder when 153 is divided by n(-9)?
33
Suppose 4*s + 8 = 0, 270 = -0*k + 2*k + 4*s. Calculate the remainder when k is divided by 49.
41
Suppose 5*c - 5*p = -p + 242, -c - p + 52 = 0. Suppose -s = 3*z - c, 2*s - 112 = -z - 2*z. What is the remainder when s is divided by 13?
10
Suppose -x + 3*x - 10 = 0. Suppose 3*d + 3 = -3*o, d = -3*o - 4*d + 7. Calculate the remainder when x is divided by ((-20)/(-12) + -2)*o.
1
Let j(k) = k**2 + 10*k + 21. Let g be j(-7). Suppose -4*x - 8 = g, -9*p + 12*p + 4*x = 277. Calculate the remainder when p is divided by 12.
11
Let m be 56/(-5)*5/(-2). Let k = -14 + m. Calculate the remainder when 55 is divided by k.
13
Suppose 0*a + 264 = 2*a. Let d be 4743/310 - 3/10. Suppose -d*t + 11*t = -a. Calculate the remainder when t is divided by 12.
9
Suppose 5*x = -0*x + 20. Suppose -2*i = -z - 2 + 30, x*i + 20 = 0. What is the remainder when (-405)/(-6)*12/z is divided by 16?
13
Let s(v) = -7*v + 187. What is the remainder when s(22) is divided by 28?
5
Suppose -25*v = d - 21*v - 15, -2*v = 8. Let f = 100 + -41. Calculate the remainder when f is divided by d.
28
Suppose -9 = -3*f - 2*q, -3*f + 14 = 2*f + 3*q. Let y = 148 - 67. Let n = 84 - y. What is the remainder when n is divided by f?
0
Suppose 2*c = -5*d - 13, c + 4 = -2*d - 0. Suppose 3 = 3*h, 0 = -u + c*h - 3*h + 9. Suppose -6*o = -2*o - u. Calculate the remainder when 14 is divided by o.
2
Let b = 40 + -36. Suppose -2*g - 2*g + 4 = b*t, -3*t - g = -9. Calculate the remainder when t is divided by 3.
1
Let g = 6 - -9. Let x = -28 + 25. Let f = x - -30. Calculate the remainder when f is divided by g.
12
Suppose k = 2*k + g - 177, -k + 2*g + 192 = 0. Let z = -96 + k. Let j = -30 + 59. What is the remainder when z is divided by j?
28
Let j(c) = -29*c + 30. Calculate the remainder when j(-7) is divided by 20.
13
Let n(r) = -4*r**3 - r**2 + r + 1. Let q be n(-1). Suppose -q*h - 3 + 9 = 0. Suppose 0 = -0*u - h*u + 10. Calculate the remainder when 24 is divided by u.
4
Suppose 79 = -3*p + 256. Suppose -2*d + 3*s = -p, 6 - 93 = -3*d + 5*s. Calculate the remainder when d is divided by 5.
4
Suppose 3*w = 8 + 19. Suppose 0 = p + 5 - w. Suppose -4*v - r - 2*r = -31, -4*r + 4 = -p*v. Calculate the remainder when v is divided by 2.
0
Let s(u) = u**3 + 3*u + 7. Let q = -39 - -39. Calculate the remainder when 25 is divided by s(q).
4
Let h = 157 + -107. Suppose 4*l + h = 142. What is the remainder when l is divided by 11?
1
Suppose 56 + 148 = 12*x. Calculate the remainder when 353 is divided by x.
13
Let z(u) = -u**3 - 11*u**2 - 4*u - 18. Calculate the remainder when 35 is divided by z(-11).
9
Let w(c) = c**3 + 2*c**2 + 8*c**2 + 9*c - 2*c**3 - 10. Let i be w(10). Calculate the remainder when (i/6)/((-2)/(-6)) is divided by 14.
12
Let y = 1564 + -1543. Calculate the remainder when 16